2*q. Calculate the greatest common divisor of q and 24.
24
Suppose z - 3*h = 6, -14 = -3*z + 4*h + 19. What is the highest common factor of z and 135?
15
Let a be 0 - 3*4/(-6). Suppose 0 = -7*m + a*m - 5*k + 40, 0 = 2*m + 4*k - 20. What is the greatest common divisor of m and 48?
6
Suppose g - 5 = 4*n, -3*n + 7 = -3*g + 22. Let a(c) = -2 + 7 + 0 - c + 2*c. Let v be a(n). What is the highest common factor of v and 45?
5
Let w(t) = -10*t - 12*t**2 + 6*t**3 - 3 - 5*t**3 + 4. Let y be w(13). What is the highest common divisor of 16 and y?
8
Suppose t + 3*j - 4 = 102, -5*t = -5*j - 430. Let y = 9 - -21. Suppose y = 4*k - 22. Calculate the highest common factor of k and t.
13
Let g(v) = 2*v - 1. Let h be g(2). Suppose -b = h*r - 12, -4*r + 5*b = 3*b - 26. Let q be -2 + -1 - -26 - -2. Calculate the greatest common divisor of q and r.
5
Let r be 99/132 + (-666)/(-8). Calculate the greatest common factor of r and 126.
42
Suppose -4*v + v + 72 = 0. Suppose c + 70 = 5*r + 3*c, 0 = 3*r + 4*c - 28. Calculate the greatest common divisor of v and r.
8
Let y be (-2)/((-1)/13*2). Suppose 2*u = -3 + y. Suppose 3*s - 6 = -2*b + u, 53 = 5*b - s. Calculate the highest common divisor of 20 and b.
10
Let j(x) = x + 1. Let s be j(4). Suppose -7*f + 9 = 3*t - 5*f, f - 2 = -t. What is the greatest common factor of t and s?
5
Let w be (-98)/21 + 4/6. Let t(m) = -2*m - 1. Let d be t(w). What is the greatest common divisor of 14 and d?
7
Let g be 2/12 - (-1438)/12. Suppose 5*j - g = -5*v, 5*v - 3*j - 99 = -j. Calculate the greatest common factor of 7 and v.
7
Let r = -17 - -44. What is the greatest common factor of r and 36?
9
Suppose 0 = -2*s - 53 + 163. What is the greatest common divisor of s and 11?
11
Let q(z) = z**3 + z**2 + 4*z. Let b be q(3). Suppose 0 = 4*f - 0 - 48. Calculate the highest common factor of b and f.
12
Let r = 20 - -25. Suppose 0 = -7*d + 2*d + r. Calculate the highest common factor of d and 63.
9
Let w be 2*(7/(-2) + 3). Let o = w - -8. What is the greatest common factor of o and 28?
7
Let p = 5 - 1. Let j be p*3*(-10)/(-24). Suppose j*g = 2*g + 18. What is the greatest common divisor of g and 6?
6
Suppose 1 = 3*m - 2, -90 = -4*g - 2*m. Let u be g*1*30/4. Calculate the highest common factor of u and 15.
15
Let h(k) = k - 2. Let u be h(4). Let l(g) = 115*g + 1. Let z be l(u). What is the highest common factor of 21 and z?
21
Let r be 4*1 + (-3 - -1). Suppose -t = r*t - 15, -3*s + 140 = -5*t. Suppose 5*l - n + 3*n - 110 = 0, 22 = l - n. What is the greatest common divisor of s and l?
11
Let p(x) = -2*x - 10. Let t be p(-8). What is the greatest common divisor of 12 and t?
6
Suppose -2*w + 4*w = 70. Calculate the highest common factor of w and 7.
7
Suppose 3*a + a - 4*d = 16, -3*d = -a + 12. Suppose 0*c - 4*c + 28 = a. Suppose -280 = -4*j - j. What is the highest common divisor of c and j?
7
Suppose -4*r + 132 = -0*r. Suppose -i = 3 - 7. Suppose 3*v + 4*s = -7, -3*v + 29 = -4*s + i. What is the highest common divisor of r and v?
3
Let l(d) = -2 + 2 + 2 + 1 + 15*d. Let b be l(-3). Let p = -6 - b. What is the greatest common factor of p and 24?
12
Let r = 2 - 4. Let u be ((-3)/r)/(3/22). Calculate the greatest common factor of 121 and u.
11
Let c be (2/(-4))/(3/(-72)). Suppose 14*n - 2 = c*n. Calculate the greatest common factor of n and 4.
1
Suppose d - 2*t + 45 = 2*t, 4*d - 3*t = -154. Let g be (-27)/(-18) + d/(-2). What is the greatest common factor of g and 10?
10
Suppose 2*f + 3*z - 788 = -3*f, 5*z = -20. Suppose 4*v = -5*x + 202, -7*x + 3*x - 4*v = -f. Calculate the highest common divisor of x and 28.
14
Suppose -2 = u - 4. Suppose -5*j + 300 = -n + 5*n, 4*n = u*j - 92. What is the highest common divisor of j and 7?
7
Let b(t) = -46*t - 20. Let p = 0 - 3. Let n(x) = -9*x - 4. Let d(f) = p*b(f) + 16*n(f). Let j be d(-8). What is the greatest common divisor of 4 and j?
4
Suppose 0 = 2*z + 3*t - 0*t - 63, -2*z + 2*t = -48. Calculate the highest common factor of 18 and z.
9
Let w(z) = z**3 - 8*z**2 + 10*z - 8. Suppose 7*n - 4*n - 21 = 0. Let v be w(n). What is the greatest common factor of 143 and v?
13
Let m(r) = r**2 - 2*r + 99. Let b be m(0). What is the greatest common factor of b and 18?
9
Let r(g) = 6*g**2 + 1. Let v be r(-1). Let z = -3 + v. What is the greatest common divisor of 1 and z?
1
Let h = -165 + 196. Calculate the highest common factor of 279 and h.
31
Suppose -6*y = -7*y + 88. Let v be 3184/y + 2/(-11). Calculate the greatest common factor of 4 and v.
4
Let z = 30 - -6. Calculate the greatest common factor of z and 12.
12
Suppose 3*s = -0*s + 54. Calculate the greatest common divisor of 126 and s.
18
Suppose -2*u - 99 = k - 331, k + 5*u = 220. Suppose 6 = -3*o, 2*s = -2*s + 4*o + 128. What is the greatest common divisor of s and k?
30
Let x be 16/12*(-3)/(-2). Suppose 4*q = x*q - 2. Let m be ((-21)/(-6))/(q/(-6)). Calculate the greatest common divisor of m and 7.
7
Suppose -5*m + 3*w = 6*w - 344, 3*m = w + 212. What is the highest common factor of 42 and m?
14
Let y(a) = a**3 - 6*a**2 + 6*a + 6. Let o be 2 - (2*-2 - -1). Let g be y(o). What is the highest common divisor of g and 11?
11
Let c(s) = s**2 - s. Let l be c(-1). What is the greatest common divisor of 22 and l?
2
Suppose 2*f - 5*u = -284, -2*f + u + 35 = 303. Let p be (-1910)/(-22) + (-24)/f. Calculate the greatest common divisor of 29 and p.
29
Let u = 325 + -181. Let y(q) = 5*q - 4. Let b be y(4). Calculate the greatest common divisor of b and u.
16
Suppose 0 = 3*u - 0 - 24. What is the highest common factor of 88 and u?
8
Suppose 0 = -h - 14 + 79. Suppose 0*k - 5*k = -130. What is the highest common divisor of h and k?
13
Suppose -5*k + 216 = -k. Calculate the greatest common divisor of 18 and k.
18
Let d = 181 - -9. Suppose d + 290 = 4*g. What is the greatest common factor of 48 and g?
24
Let i be 1/(-2)*(1 - 1). Suppose m + 3 = -i*m. Let u be (-103)/m - 3/9. What is the highest common factor of u and 85?
17
Let d(j) = 3*j - 5. Let t(g) = 2*g - 4. Let z(f) = -3*d(f) + 4*t(f). Let w be z(-10). What is the highest common factor of 9 and w?
9
Suppose -w - 4*i + 0*i - 11 = 0, 5*i = -w - 15. Let u be (w - (1 - 4)) + 1. Let y = -26 - -71. What is the greatest common divisor of u and y?
9
Let u be (5 - 8) + 43/1. What is the greatest common factor of u and 100?
20
Suppose -2*y + 36 = y + 2*u, -3*y = -2*u - 48. What is the highest common divisor of y and 112?
14
Let d be (-2 + -4)*(-1)/3. Suppose 0 = -w - d*w + 6. Suppose 6*j - 10*j + 56 = 0. Calculate the greatest common divisor of j and w.
2
Let i(s) = s**2 + 4*s + 8. Let g be i(-8). Calculate the highest common factor of g and 5.
5
Let m be 27/(-4 + 33/6). Calculate the highest common factor of 6 and m.
6
Let z(i) = -i**3 - 4*i**2 - 2*i + 9. Let y be z(-4). What is the greatest common divisor of 136 and y?
17
Suppose 3*y + 0 = -6. Let g = y + 6. Suppose -29 = -3*j + o + 29, 4*o = -g*j + 56. Calculate the greatest common divisor of 45 and j.
9
Suppose 10 = -4*f - 2*y, 4*y = -3*f - f - 12. Let k be (f + -4)*(-3 - 1). Calculate the greatest common factor of k and 3.
3
Let u(j) be the first derivative of 4*j**3/3 - 2*j**2 + 5*j - 1. Let p = -2 + 7. Let s be u(p). Calculate the greatest common factor of s and 17.
17
Let q be ((-8)/2)/((-2)/10). Let o(c) = c**3 - 6*c**2 - 8*c + 7. Let j be o(7). Let s = j + 5. What is the greatest common divisor of q and s?
5
Let t(i) = i**2 + 10*i + 11. Let o be t(-9). Suppose -o*j = -4*j + 18. Let p = j + -3. What is the greatest common divisor of p and 24?
6
Let d = 1 - -11. Suppose 0 = m - 32 + 12. Let y = m - -4. What is the greatest common divisor of d and y?
12
Suppose 0 = 3*q - 0*q - 561. What is the highest common divisor of 17 and q?
17
Let g be (1 + -2 + 1)/1. Suppose 116 = 4*j - g. Let z = 49 - j. Calculate the highest common factor of 4 and z.
4
Let r = -21 + 26. Let t(h) = h**2 - 5*h + 6. Let q be t(r). Calculate the highest common factor of 2 and q.
2
Suppose -g = 3*a - 3*g - 379, a - 145 = -4*g. Let y = -85 + a. Calculate the highest common divisor of 11 and y.
11
Let d = 77 - 67. What is the greatest common factor of d and 20?
10
Suppose -s - 3*y = -7*y - 21, -y = 5*s - 84. Calculate the highest common factor of s and 17.
17
Suppose -h + 11 = -3*w - 10, -h = -w - 15. Calculat